3
Let r(q) = 2*q**2 - 37*q - 254. Let i(h) = h**2 + 35*h - 42. Let a be i(-37). What are the prime factors of r(a)?
2, 5, 61
Suppose 15*c - 40349 = 149731. List the prime factors of c.
2, 3, 11
Suppose -3*k - 4*q - 40 = 0, -2*k - 24 = -3*q - 3. Let p = -10 - k. Suppose -5*c = -3*r - 772, r - 3 = -p. What are the prime factors of c?
5, 31
What are the prime factors of (-5*(-44)/(-55) + 2)/(2/(-13723))?
13723
Let k = 14302 + -12227. List the prime factors of k.
5, 83
Suppose -5*q + 28 = -22. Let k(a) = -a**3 - 5*a**2 - 2*a - 9. Let c be k(-5). List the prime factors of (-5)/q*c*-44.
2, 11
Suppose -4*n - 2*f + 85084 = 0, -1492*f = -1489*f + 18. List the prime factors of n.
2, 11, 967
Let r = -740 - -750. Suppose 2*n = -r, -5*i + 19*n - 15*n + 850 = 0. What are the prime factors of i?
2, 83
Let k(h) = h**3 + 26*h**2 - 10*h + 91. Suppose -4*t = -2*a - 38 - 20, -2*a - 5*t - 40 = 0. What are the prime factors of k(a)?
2, 3, 7, 23
Let z(y) = -300*y - 4995. List the prime factors of z(-131).
3, 5, 2287
Suppose -37*i = -161179 - 118578. List the prime factors of i.
7561
Let n(l) be the first derivative of -3*l**2 + 47*l - 12. Suppose -6 = 8*s - 9*s. What are the prime factors of n(s)?
11
What are the prime factors of 11932 + (12/42)/((-4)/28)?
2, 5, 1193
Suppose 3*r = -5*h + 24, 2*h - 3*r - 8 = 10. Suppose h*n = 5*n. Suppose n = 143*k - 142*k - 66. What are the prime factors of k?
2, 3, 11
Let a(f) be the third derivative of f**6/120 + f**5/6 + 11*f**4/24 + 5*f**3/6 - 131*f**2. What are the prime factors of a(5)?
3, 5, 29
Let f(q) = 2*q**3 + 42154. Let b be f(0). List the prime factors of b/42 - (-2)/(-3).
17, 59
Suppose 50*h = 46*h + 20. Suppose 3*t + 3180 = 5*p - t, h*t + 1908 = 3*p. List the prime factors of p.
2, 3, 53
Let w(t) = t**3 - 12*t**2 - 9*t - 10. Let u be w(13). Let g = u - 75. Let i = g + 94. What are the prime factors of i?
61
Let q be (-50*((-104)/10 + 4))/(-1). What are the prime factors of q/(-60)*2/(-8)*-1044?
2, 3, 29
Let b = 2695 - 2471. List the prime factors of b.
2, 7
Suppose -5*h + 31 = 2*d - 200, h - 57 = 5*d. Suppose h*s - 51*s = -8. Suppose s*b + 262 = 3*y, 3*y + y + 3*b - 321 = 0. List the prime factors of y.
2, 3, 7
List the prime factors of 1/(-1) - 42021/(-7).
2, 3001
Suppose 46*v - 38*v = 32. Suppose -2*w + 1436 = 4*c, -5*w = v*c - 1067 - 2535. List the prime factors of w.
2, 19
Let m = -2393 - -3579. List the prime factors of m.
2, 593
List the prime factors of 11487453/745 - ((-2)/(-5))/1.
17, 907
Let p = 126 - 126. Suppose -10 = 5*r, p = -m - 8*r + 5*r + 111. What are the prime factors of m?
3, 13
Let s(x) = 34*x + 16. Suppose 4*i = -3*c + 2*c + 55, 2*c = 4*i - 46. What are the prime factors of s(i)?
2, 229
Let t(n) = -3*n - 8*n - 10 - 41. List the prime factors of t(-13).
2, 23
Let x = 18 + -24. Let n be 8/3 - x/18. Suppose n*y + 5 = 4*q, 2*q + 6*y - 5*y - 15 = 0. List the prime factors of q.
5
Let a = 23998 + -16139. What are the prime factors of a?
29, 271
Let r = 230 - 151. Suppose 65 = 3*w - 2*v, 0 = 2*w + 2*v + 19 - r. List the prime factors of (-3 - -4)/(1/w).
5
Suppose -5*i - 5 = -10*i. Let b be (-1685)/(-7) - (i - 36/28). Suppose -2*u + 358 = -4*q, b = u - 3*q + 58. What are the prime factors of u?
3, 19
Let s be (-5)/7 + 12/42*-1. Let g be 2*604/(-8)*(0 + s). Let n = -33 + g. List the prime factors of n.
2, 59
Suppose 0 = d - 2*w - 114, -2*w = 65 - 55. What are the prime factors of d?
2, 13
Suppose 15*q - 21*q = -12. Suppose 773 + 1911 = 4*s - t, 1356 = q*s + 3*t. What are the prime factors of s?
2, 3, 7
Suppose 7*s = -5*i + 4*s + 37914, -3*s - 7590 = -i. Suppose -772*d - i = -778*d. What are the prime factors of d?
2, 79
Let m be -3 - (-60)/(-8)*(-4)/(-5). Let o be (-3264)/(-44) + 4/(-22). What are the prime factors of m + o - (4 + -1)?
2, 31
Suppose 0*p - 4*d = -p + 10, -4*p + 40 = 3*d. Let j be p*((-3)/(-2) + -1). Suppose -3*f + 2*o + 120 = 0, f - j*f = 5*o - 183. List the prime factors of f.
2, 3, 7
What are the prime factors of 363*(-12661)/(-132) + 55/44?
34819
Suppose 5*a - 4 = -4. Let o(u) = a + 416*u - 342*u - 2. What are the prime factors of o(2)?
2, 73
Suppose -6*t - 307 = 239. Let u = t - -245. Let b = u - 73. What are the prime factors of b?
3
Let s be (16/8 + 0)/((-2)/(-15)). Suppose -k - 4*k = -s. What are the prime factors of 91 + (-2 - -3)*k?
2, 47
Let w(f) = f**3 + 39*f**2 - 44*f - 118. Suppose 0 = -15*o + 13*o - 80. What are the prime factors of w(o)?
2, 3, 7
Suppose y - 2*o - 22828 = 5825, 0 = -o - 8. List the prime factors of y.
7, 4091
Let m = 33151 + 23530. List the prime factors of m.
56681
Let q(u) = -u**3 + 9*u**2 - u + 15. Let l = -45 + 54. Let b be q(l). Suppose 2*m + b*h - 238 = 2*h, h = 5*m - 573. List the prime factors of m.
5, 23
Suppose 0 = 13*i - 260352 - 217853. What are the prime factors of i?
5, 7, 1051
Let f(w) = 12*w**2 - 17*w + 18. Let s(d) = -d**2 - d - 1. Let n(l) = f(l) + 2*s(l). List the prime factors of n(4).
2, 5
Let x = -149 - -86. Let k be (-6)/(-14) + (-3060)/x. Suppose -52*w + k*w + 561 = 0. What are the prime factors of w?
11, 17
Let p = -8207 - -59323. List the prime factors of p.
2, 13, 983
Let w = 14 - 10. Let a(u) = -7*u + 101. Let g be a(14). Suppose -w*f = -g*f - 132. What are the prime factors of f?
2, 3, 11
Suppose -3*i + 6 = q - 7, -12 = -3*i. Let h(c) = 34*c. Let f be h(q). Suppose v - f = 13. List the prime factors of v.
47
Suppose 0*j - j = -5. Let c(s) = -772*s - 13 + 7*s**2 + 770*s + 16. What are the prime factors of c(j)?
2, 3, 7
Let n be 6/(-21) - 160/28. Let i be ((-6)/(-4))/(n/(-16)*2). Suppose -14 = -2*o - i. What are the prime factors of o?
2, 3
Let a(l) be the second derivative of -l**4/6 - l**3/2 + 825*l**2/2 - l - 13. List the prime factors of a(0).
3, 5, 11
Let t(p) = -414 + 419*p + 207 + 211. What are the prime factors of t(1)?
3, 47
Suppose 4*f + 5*v - 8479 = 5604, 4*v + 17655 = 5*f. List the prime factors of f.
3527
Let h(p) = p**3 - 6*p**2 - p - 16. Let u be h(7). Suppose -2*b - 5*f + 76 = -3*f, -b - 4*f + u = 0. List the prime factors of b.
2, 3, 7
Let o(a) be the first derivative of -249*a**2/2 - 8*a + 91. What are the prime factors of o(-5)?
1237
Let s = -20004 - -20992. List the prime factors of s.
2, 13, 19
List the prime factors of (-33)/(-1)*-2061*12/(-108).
3, 11, 229
Let k(b) = -3*b**3 + 81*b**2 + 56*b - 73. List the prime factors of k(25).
5077
Let s be (-6)/15*3/(-6)*10. Suppose 0*g - 4*g + s = 5*d, -4*d - 2*g - 2 = 0. List the prime factors of 0 + d + 20 + 84.
2, 3, 17
Suppose -12*m + 13*m = -3. Let k be (-4)/m*(-12)/(-4). Suppose n - 281 = -3*f + 38, -k*f + 5*n + 419 = 0. What are the prime factors of f?
2, 53
Suppose 7 = 2*a - 3. Suppose a*y = 2*u + 3*y + 490, 4*u + y + 1005 = 0. What are the prime factors of (1 - u/4)*(16 + -14)?
127
Let j(y) = -4*y + 80. Let x be j(-18). Let u = 210 - x. List the prime factors of u.
2, 29
Suppose 12*j - 10*j = 3*a + 4051, 4*a + 5405 = -j. Let g = 29 - a. What are the prime factors of g?
2, 3, 5, 23
Let o = 72 - 68. Suppose 4*y = 4*q - 496, -5*q + o*y + 202 + 422 = 0. What are the prime factors of q?
2
Let p(x) = -2*x**3 - x**2 + 6*x + 5. Let o be p(-2). Suppose -o*z = -8*z + 60. Let k = 14 + z. List the prime factors of k.
2, 17
List the prime factors of (-58259)/(-51)*(13 + 2)/5.
23, 149
Suppose 0 = -3*p - 2*w - 173, 2*p + 3*w + 72 + 40 = 0. Let b = p + 69. List the prime factors of (18 - -4)*b/4.
5, 11
Suppose 0 = -16*o + 24*o + 144. List the prime factors of o/36 - (3123/(-6) - 0).
2, 5, 13
Suppose 3*s + 2 - 11 = -3*w, -w - 3 = -s. Suppose -4*t + 4*l + 1024 = w, 4 + 2 = -2*l. What are the prime factors of t?
11, 23
Suppose 124*g + 140 = 41*g + 55*g. Let r(o) be the third derivative of o**4/24 + 23*o**3/6 - o**2. List the prime factors of r(g).
2, 3
Let l(y) = 256*y**3 + 4*y**2 + 27*y - 99. What are the prime factors of l(4)?
7, 2351
List the prime factors of 29799/44*4*1*3.
3, 7, 43
Suppose -2*g = 4*t + 7055 - 21979, -4*g = 2*t - 7474. List the prime factors of t.
3, 11, 113
Let u = 13821 - 6256. List the prime factors of u.
5, 17, 89
Let c(o) be the first derivative of 4*o**3/3 - 4*o**2 + o - 133. What are the prime factors of c(-14)?
3, 13, 23
Let m = -230 - -182. List the prime factors of 6*(3/(-24) - 4454/m).
2, 139
Suppose 26051 = 5*v - j, -30*v - j = -28*v - 10419. W